3
Let s(j) = 527*j**2 + 65*j - 205. List the prime factors of s(3).
4733
Let q(c) = c - 6*c**3 + 0*c**3 + 1 + c. List the prime factors of q(-2).
3, 5
Let w = 3 + -1. Suppose -4*t - 5*t = -9. List the prime factors of (64 - -4)*t/w.
2, 17
Let i = 34 - 15. Suppose 0 = 5*n + 4*v - 87 - 66, -5*v - 48 = -n. Let f = n - i. List the prime factors of f.
2, 7
Let i = -16 - -20. What are the prime factors of 21*(-18)/i*12/(-9)?
2, 3, 7
Suppose 4*q + 32 = 108. Suppose -22*l = -q*l - 285. What are the prime factors of l?
5, 19
Let d be (-16)/12 + (-48)/(-9). Suppose 0 = -2*g - 2*g + 3*l + 390, -488 = -5*g + d*l. List the prime factors of g.
2, 3
Let i(b) = 59*b - 2. Let g(u) = 59*u - 1. Let o(s) = -3*g(s) + 2*i(s). Let h be 6*(-4)/6 - 9/(-3). List the prime factors of o(h).
2, 29
Let q = 839 - 254. List the prime factors of q.
3, 5, 13
Let b(y) = 1616*y**2 - 31*y - 32. What are the prime factors of b(-1)?
5, 17, 19
Suppose -5*m + 6 = -7*m. Let o(a) = a**3 + 4*a**2 + 3*a + 3. Let w be o(m). Suppose -w*d = -86 + 5. What are the prime factors of d?
3
Let m be (1 - 0)*(11 + -2). Let s(h) = h**2 - 10*h + 12. What are the prime factors of s(m)?
3
Suppose -8*y + 9*y - 6 = 0. Let v be 85/35 + y/(-14). Suppose -8 = -z + v. What are the prime factors of z?
2, 5
Suppose -2*l - l + 39 = 0. Let d = 36 - l. List the prime factors of d.
23
Let o be 1/(-2)*(8 + -14). Let g be (-6)/9 - (-41)/o. Let r = g + 3. What are the prime factors of r?
2
Suppose -3*m - 18 + 33 = 0. List the prime factors of ((-1112)/(-20))/(2/m).
139
Let i(q) = -4*q**2 + 6*q - 10. Let z be i(6). Let m = 197 + z. What are the prime factors of m?
79
Suppose 0 = -7*n + 3*n + 20. Suppose -f + 10 = -0*p + n*p, 3*p = -3*f + 18. List the prime factors of (32/6 + p)*3.
19
Let f(h) = h**2 + 7*h - 6. Let c(s) = -2*s**2 - 14*s + 13. Let l(x) = 2*c(x) + 5*f(x). Let w be l(-8). What are the prime factors of (-8)/(-3)*33/w?
2, 11
Let s = -35 - -444. Suppose 0 = -5*f - s + 1089. What are the prime factors of f?
2, 17
Let x(q) = 4*q + 3*q + 4 + q**3 - 2*q**2 + 0*q**2 - 4*q. List the prime factors of x(4).
2, 3
Let u(d) = 9*d**3 - 9*d**2 + 13*d - 1. List the prime factors of u(5).
2, 241
Let p be 207/11 + 20/110. Let u = 10 + p. Let m = -26 + u. What are the prime factors of m?
3
Suppose 2*c - m - 906 = 0, -3*c = -7*c - 3*m + 1822. What are the prime factors of c?
2, 227
Let a(z) = z - 3. Let y be a(8). Suppose -v + 4 = -y. List the prime factors of (-30)/v*(-36)/8.
3, 5
Let k(g) = -88*g - 189. What are the prime factors of k(-14)?
7, 149
Let y be ((-16)/(-10))/((-10)/(-25)). Suppose -3*b + 2*o - 5*o = 45, -5*b + y*o - 120 = 0. Let i = -10 - b. What are the prime factors of i?
2, 5
Let o(x) = -x**2 - 8*x - 13. Let i be o(-4). Suppose 0*v + i = v + 5*f, 0 = -5*v - f + 63. List the prime factors of v.
13
Let i(c) = -11*c - 12*c - 4 + 2. Suppose 3*f - 4*w = -3, f + f = -w - 2. What are the prime factors of i(f)?
3, 7
Let a(c) = -c + 20. Let p be ((-12)/15)/(8/80). What are the prime factors of a(p)?
2, 7
Let k be (-12)/9 - 80/(-6). Suppose -22 = -2*t - 2*l + k, 0 = -4*l + 4. List the prime factors of t.
2
Suppose 0 = 3*s + 5*f + 3 + 2, -2*s + 3 = -3*f. Suppose -z = -s*q - 5*q - 139, 3*q + 129 = z. List the prime factors of z.
2, 3, 19
Suppose -o + 2*l = -4*o + 9, 4*o = 3*l + 12. Let x(q) = 3*q**3 + 5*q**2 - 8*q + 4. List the prime factors of x(o).
2, 53
Suppose 2*x + 3*x - 324 = -2*s, -3*s - 122 = -2*x. Let d = -34 + x. Suppose -2*y - z = -24, 6*z - d = -3*y + 3*z. What are the prime factors of y?
2, 7
Suppose -2*a + 4*a - 14 = 0. Let i = 2 - a. List the prime factors of (1 - 0)*(-125)/i.
5
Suppose -4*v - 24 = -4*n, -5*n + 3*n = -6. Let w be 34/8 + v/(-4). Suppose 31 = -w*y + 106. List the prime factors of y.
3, 5
Let i(r) = r**2 + 3*r + 1. Let u = 14 + -7. Suppose 2*c = -1 + u. What are the prime factors of i(c)?
19
Let b = 8 - 5. Suppose 0*q = -3*q - b. What are the prime factors of q + -2 + 80/4?
17
Let q = 713 + -211. List the prime factors of q.
2, 251
Suppose 0 = 5*b - y - 1925, 4*b - 1259 = 4*y + 265. What are the prime factors of b?
2, 193
Let u(f) = 3*f**3 - 25*f**2 + 5*f - 38. List the prime factors of u(14).
2, 29
Suppose 0*y = 2*y - 100. Let o be (-2)/4 - (-82)/4. Let r = y - o. What are the prime factors of r?
2, 3, 5
Let n be 3144/(-21) - (-8)/(-28). Let c = n - -268. Suppose 51 = l - 2*g - 6, 5*g = 2*l - c. What are the prime factors of l?
7
Suppose 7 + 1 = 4*d. Suppose d*k = -2*a + 10, 4*a - 2*a + 6 = 2*k. List the prime factors of 16 - (a - 3)/2.
17
Suppose 4*g + 447 = 7*g. List the prime factors of g.
149
Let v = 87 + -54. Let c = v - -63. What are the prime factors of c?
2, 3
Let h = 3 - 21. What are the prime factors of (-3712)/36*-2 - (-4)/h?
2, 103
Let c = -19 - -782. What are the prime factors of c?
7, 109
Let q be (-27)/(-18) + (-1826)/(-4). Suppose 3*d - 244 = q. List the prime factors of d.
2, 3, 13
Let q = -10 - -10. Let k = q + 3. Suppose 0*l - 57 = -k*l. List the prime factors of l.
19
Let b(u) = 19*u**2 - 32*u - 32. List the prime factors of b(-10).
2, 547
Let j(k) = k**2 - 1. Let l be j(-3). Let y be (l - 9)/((-2)/6). List the prime factors of 4/(y/(21/2)).
2, 7
Let d(i) = i**2 + 10*i + 9. Let l be d(-10). Suppose -l = 7*a - 51. What are the prime factors of (a - 5)/(1/32)?
2
Let j = -37 - -39. Suppose j*i + 37 = 351. What are the prime factors of i?
157
Let q(f) = 2283*f - 270. List the prime factors of q(2).
2, 3, 179
Suppose -992*h + 6712 = -990*h. What are the prime factors of h?
2, 839
Let n(u) = -4*u - 11. Let p be n(6). Let h = p - -53. What are the prime factors of h?
2, 3
Let w(f) = 2*f**2 + 5*f + 7. Let n be w(-9). Let h be (-4)/3 - 795/(-9). Let s = n - h. What are the prime factors of s?
37
Let o(x) = 4*x**3 + 6. Let n(z) = 3*z**3 + 6. Let l(s) = -5*n(s) + 4*o(s). What are the prime factors of l(4)?
2, 29
Suppose 2*l - 277 = b + 514, b = -3. What are the prime factors of l?
2, 197
Suppose -a - 14 = -3*a. Suppose -2*y = a*y + 1332. Let u = y + 208. List the prime factors of u.
2, 3, 5
Let u be 9/18 + (-2)/4. Suppose u = -l + 9*l - 288. What are the prime factors of l?
2, 3
Let x = -4 + 5. Let p be -2 + -12*x/(-2). Suppose j + p*j - 3*f = 70, 4*f = -2*j + 28. List the prime factors of j.
2, 7
Suppose -9662 = -41*c + 3991. What are the prime factors of c?
3, 37
Suppose -308 = t - 114. Let o = 48 - t. List the prime factors of o.
2, 11
Suppose i + i = -4. Let g(a) = a + 4. Let n be g(i). Suppose -2*v + 11 = k - n, -2*k = 2*v - 10. List the prime factors of v.
2
Let y = 5969 - 1454. List the prime factors of y.
3, 5, 7, 43
Let q(b) = 10*b**2 + 2*b - 2. Suppose 3*c - 17 = -a, c = 2*a - 3 + 4. What are the prime factors of q(a)?
2, 3, 7
Suppose 3*t = -8 + 17. Suppose 54 = 2*f + 4*n - 8, -5*f + 134 = t*n. What are the prime factors of f?
5
Suppose -546 = -3*c - 213. What are the prime factors of c?
3, 37
Suppose 4*v + 0 = 12. Suppose y = v - 7. Let r(c) = 2*c**2 + 4*c + 3. What are the prime factors of r(y)?
19
Let s = 15 + 9. Let a be 1/3 + (-8)/s. Suppose a = 4*p - 6*p + 110. List the prime factors of p.
5, 11
Let z be 114/27 - (-8)/(-36). Let p = 17 - z. List the prime factors of p.
13
Suppose -198 = -2*i - 7*i. Suppose -i + 77 = 5*l. What are the prime factors of l?
11
Let i = 63 - 115. Let t = i - -75. What are the prime factors of t?
23
Suppose x + 3*p + 90 = 4*p, 2*x + 3*p + 195 = 0. Let g = 158 + x. What are the prime factors of g?
5, 13
Let g(s) = -230*s + 13. List the prime factors of g(-1).
3
Let r = 2 + -7. Let x = -13 - -23. Let u = r + x. List the prime factors of u.
5
Let u be 105*((-7)/28 + 5/4). Let p = u + -54. List the prime factors of p.
3, 17
Let v(j) = j - 11. Let c(s) = -s**2 + 6*s + 4. Let h be c(3). Let l be v(h). Suppose 3*x + 0*p - l*p = 67, -3*x = -3*p - 63. What are the prime factors of x?
5
Let b be ((-90)/(-4))/((-21)/(-140)). Suppose 2*v - b = -3*v. Let p = -18 + v. What are the prime factors of p?
2, 3
Let l(q) = q**2 - q + 12. Let a be -5 - 4/((-16)/68). What are the prime factors of l(a)?
2, 3
Let j = 6431 + -2444. List the prime factors of j.
3, 443
Let o be (1 - -3) + 6 + -3. Suppose 3*i + o = 4*i. List the prime factors of i.
7
Let o = 768 + -136. What are the prime factors of o?
2, 79
Let u be 1/(1 + (0 - 2)). List the prime factors of -93*